, -5*k = 2*o - 8021. What are the prime factors of o?
2, 7, 41
Let i(u) = u**2 - 20*u - 14. Let r be i(21). Suppose 6*s = r*s - 250. List the prime factors of s.
2, 5
Let u(z) = 3*z**3 - 3*z**2 - 5*z. Let r be (7 - 2) + 4 + -5. List the prime factors of u(r).
2, 31
Let d = -11 - -17. Suppose 235 = g - d*g. Let v = 78 + g. List the prime factors of v.
31
Suppose -x - 2*w = -0*x - 142, 0 = 3*x + 5*w - 426. Suppose -x = -4*r - 3*z, 2*r = -5*z + 127 - 49. List the prime factors of r.
2, 17
Let g be (-4)/(-2) + (3 - 4). Let k be (g - -3)/(9/648). List the prime factors of k/(-54)*(-30)/4.
2, 5
Let n = -1812 + 2633. List the prime factors of n.
821
Let b be (6/12)/((-2)/(-12)). Suppose -d - 2 - b = 0. What are the prime factors of d*2*(-146)/20?
73
Let a(z) = -2*z + 26. Let t be a(12). List the prime factors of ((-2 - -3) + 0)*t + 2.
2
Let u(r) = -r - 14. Let x be u(-17). List the prime factors of (-3 + -94)*(x - 4).
97
Suppose 2*d = 3*o - 7, o + 3*d = -o - 4. Let k be 6/3 + 5 + o. Suppose k*x - 4*x = 12. What are the prime factors of x?
3
Suppose -f + q = -591, 0*f + 2*f - 1184 = q. List the prime factors of f.
593
Let h = 11 + -59. List the prime factors of (h/10)/(2/(-60)).
2, 3
Let w = 42 - -185. Let y = w + -448. Let p = -142 - y. What are the prime factors of p?
79
Suppose -14*q + 16*q = -30. List the prime factors of ((-207)/15 - 3)*q/2.
2, 3, 7
Suppose -7*u = -4641 - 22988. What are the prime factors of u?
3947
Let m(d) = -5*d + 3*d**2 - 2*d**2 + 7*d + 0*d. What are the prime factors of m(6)?
2, 3
Suppose 3*a = n - 299, 3*n - a + 584 = 5*n. List the prime factors of n.
293
Let o(g) be the first derivative of -5*g**2 - 2*g - 11. Let b be o(7). What are the prime factors of (-416)/b - 2/(-9)?
2, 3
List the prime factors of 32643/234*(16/6 + 0).
2, 3, 31
Suppose 7 = -5*x + 7. Suppose -2*o + 4*o + 5*h - 30 = x, 5*o + 5*h = 45. List the prime factors of o.
5
Let x be (-4)/22 - (-2323)/11. Suppose -2*l = -4*g - 122, g = 4*l + 4*g - x. What are the prime factors of 6/10 + 737/l?
2, 7
Let x(z) be the third derivative of -5*z**4/12 - 14*z**3/3 - 8*z**2. What are the prime factors of x(-8)?
2, 13
Let m(z) = -103*z + 533. What are the prime factors of m(-6)?
1151
Suppose -5*x + 10*x - 15 = 0. Suppose g - 1 = 2*y + x, 4*y = 3*g - 8. What are the prime factors of (9 - (-8)/y)*12?
2, 3, 5
Suppose 57598 = -5*d + 36*d. What are the prime factors of d?
2, 929
Let h = 25 - 15. Suppose 2*z + 3*z + h = 0. List the prime factors of z/6 - 532/(-12).
2, 11
Suppose -68 = 2*v + 2*v. Let m = v - -27. Suppose -2*d = -3*z - m, -6 + 0 = -3*z. What are the prime factors of d?
2
What are the prime factors of 18/(-48) - (806085/72)/(-7)?
3, 13, 41
Let r = 680 + 74. Suppose -x + 582 = 3*h, -5*h + r = -3*x - 230. List the prime factors of h.
3, 5, 13
Suppose -k - 4*q = -5*k + 8496, 5*k + 4*q = 10638. List the prime factors of k.
2, 1063
Suppose 0 = -3*j - 2*m + 5, -1 = 3*j - 4*m. Let q = 7 - j. What are the prime factors of (0 - (-69)/q)*2?
23
Suppose 0 = 40*r + 32*r - 109080. What are the prime factors of r?
3, 5, 101
Suppose -2065 = -35*f + 30*f. List the prime factors of f.
7, 59
Suppose -2*m - 3*p - p = -10, -4*p = 12. Suppose -17 - m = -o. List the prime factors of o.
2, 7
Let f be (-8)/(((-3)/9)/((-3)/(-18))). Suppose 8*w - 651 = -3*k + 3*w, -k = f*w - 217. List the prime factors of k.
7, 31
Let c(l) = l**2 - l + 1. Let i be c(0). List the prime factors of (47 - -2) + (i - -1).
3, 17
Let u be (-2)/(-11) + 648/66. Suppose 0 = -4*r, -3*c - 2*c - 5*r + u = 0. List the prime factors of (1/c)/((-1)/(-24)).
2, 3
Let s(f) = -f**2 + f. Let u(c) = -5*c**2 + 15*c - 10. Let n(d) = -6*s(d) + u(d). Let h be n(-8). Let z = h + 28. List the prime factors of z.
2, 5
Let o = 38 - 18. Let p be 3/((-66)/o - -3). Let z(x) = -x**3 - 10*x**2 - x + 5. List the prime factors of z(p).
3, 5
Suppose -124 = -3*i + 161. List the prime factors of ((-2)/(-11) - (-245)/(-77)) + i.
2, 23
Let i be (-35584)/(-112) + 2/7. Suppose -i = 9*m - 12*m. What are the prime factors of m?
2, 53
Let w(l) = l - 10. Let c be w(11). Let m(k) = 177*k**3 - 2*k**2 + 3*k - 2. What are the prime factors of m(c)?
2, 11
Let l = -22 - -22. Let z(i) = i**2 + 41. What are the prime factors of z(l)?
41
Let n = 19 - 19. Suppose -2*d = -2*y - 334, n*d - 3*d = 5*y - 485. Suppose 4*a = 95 + d. What are the prime factors of a?
5, 13
Suppose -2*i + 5*i - 1283 = -5*f, -1759 = -4*i + 3*f. List the prime factors of i.
2, 109
Suppose -16 = -4*o - u - u, o = -2*u + 10. Suppose t = -0*t + o*s + 34, 5*s = 4*t - 139. What are the prime factors of t?
2, 3
Let r = -3 - -7. Let z(o) = r*o + 0 + 3 - 5*o + 5*o. List the prime factors of z(3).
3, 5
Let a(h) = -10*h**2 - 3*h + 2. Let y(i) = -11*i**2 - 4*i + 2. Let d(s) = -6*a(s) + 5*y(s). Suppose -3*p + 2*p = 2. List the prime factors of d(p).
2, 11
Let p(i) = 3*i**2 + 70*i + 16. What are the prime factors of p(-31)?
3
What are the prime factors of 9362/13 - 8/(-364)*-7?
2, 3, 5
Let x(q) = -q**3 + q**2 + 5*q + 6. Let o be x(-4). Let m(j) = 3*j + 1. Let u be m(1). Suppose -u = 2*h - o. What are the prime factors of h?
31
Let m be 9/15 + 4/30*33. Suppose 2*q + 3*t = m*t + 244, -5*q - 2*t + 603 = 0. List the prime factors of q.
11
Let l(w) = 10*w**2 + 10*w - 3. What are the prime factors of l(-2)?
17
Suppose -2*b + 135 + 75 = 0. Suppose -7*a + 9*a - 6 = 0. Suppose a*z + 103 = 4*v - 2*z, 4*v = 3*z + b. What are the prime factors of v?
3
Suppose 15*h = 1604 + 616. List the prime factors of h.
2, 37
Let g = 9 + -43. Let i = g + 18. List the prime factors of 22 + (5 - i/(-4)).
23
Suppose -44*a + 2440 = -40*a. What are the prime factors of a?
2, 5, 61
Let j = 1106 - 781. Suppose b - j = 2*y, -5*b - 3*y = -0*b - 1586. List the prime factors of b.
11, 29
Let w = 91 + 276. List the prime factors of w.
367
List the prime factors of 180/72*458/5.
229
Let v(u) = u**3 - 43*u**2 - 107*u - 105. What are the prime factors of v(47)?
2, 3, 617
Let l(y) = y**3 - 5*y**2. Suppose -5*i = -2*c - 15, -2*c = 2*i - 5*c + 5. Let r be l(i). Suppose r = -2*w + 63 + 5. List the prime factors of w.
2, 17
Let m be (-1 - 1) + 16/4. Suppose -218 = -m*h + 6. Suppose 0 = -2*j, -4*x - 5*j + 2*j = -h. What are the prime factors of x?
2, 7
Let r be 830/(-9) - 14/(-63). Let u = r + 316. List the prime factors of u.
2, 7
Suppose -429 = -743*q + 740*q. List the prime factors of q.
11, 13
What are the prime factors of -3 - -5 - (-23830 + 4)/11?
2, 271
Suppose 100*v = 33*v + 145926. List the prime factors of v.
2, 3, 11
Suppose 4*f = -0*f + 60. Let v(p) = -p**2 + 15*p - 1. Let m be v(f). List the prime factors of 16 - -2 - (m - -2).
17
Let v(m) = -m + 4. Let x(r) = r + 5. Let h be x(0). Let c be v(h). What are the prime factors of (98/35)/(c/(-5))?
2, 7
Suppose 0 = 2*k - 6*k + 948. Let n = -165 + k. List the prime factors of n.
2, 3
List the prime factors of 799776/198 + ((-6)/(-11))/(-2).
7, 577
Suppose -4*r = -3*t, -3*t + 0*r = -5*r. Suppose t = 3*o + 5*w - 46, -3*o + w = -4*o + 16. What are the prime factors of o?
17
Let w = 9 + 2. Let v = w + 1. Suppose -z + 3*n + v = -12, -4*n = 2*z - 68. List the prime factors of z.
2, 3, 5
Let a = 66 - 60. Suppose a*j - 13*j + 1225 = 0. List the prime factors of j.
5, 7
Suppose 0 = 2*q - 2*p, -5*q + 3*p + 1 = 5. Let x = -251 + 243. List the prime factors of q/8 - 82/x.
2, 5
Let q = 1444 + -900. List the prime factors of q.
2, 17
Let j(v) = -3*v - 3. Let a(d) = -2*d - 2. Let i(g) = 7*a(g) - 5*j(g). Let t be i(1). Let z(c) = 4*c**3 - 3*c**2 + 3*c - 2. List the prime factors of z(t).
2, 3
Let q be ((-12)/(-1))/((-9)/(-6)). List the prime factors of 150/4 - 4/q.
37
Let w = 19 + -19. Suppose w = m - 13 - 54. What are the prime factors of m?
67
Suppose 5*c - 189 - 461 = 0. What are the prime factors of c?
2, 5, 13
Suppose -d = 3*d + 204. Let w = 41 - d. Suppose -4*x = 8 - w. What are the prime factors of x?
3, 7
Let t be 33/(-77) + (-221)/7. What are the prime factors of (42 - 1)/((-16)/t)?
2, 41
What are the prime factors of (-24)/9*(-15)/20*99?
2, 3, 11
Let v be 0 - 0 - (12 + -4). Let z(o) = -o**3 - 8*o**2 - 8*o - 8. List the prime factors of z(v).
2, 7
Suppose -4*u = 5*y - 9780 - 5885, -2*y - 2*u = -6264. List the prime factors of y.
3137
Let x(b) = -5 - 5*b - 2 + 3*b + 3*b. Let m be 18 + (-2)/(4/2). L